7 = -g*f - 80. What is the remainder when s is divided by z?
14
Suppose 0*i = 5*i. Suppose f + i*f = 19. What is the remainder when 36 is divided by f?
17
Let r(h) = h. Let w be r(3). Suppose -4*i + 4*m - 4 = 0, 2*i - 7 = 3*i - w*m. Let t(u) = -2*u + 3. What is the remainder when i is divided by t(1)?
0
Let r(k) = k**3 - 4*k**2 - 5*k - 8. Suppose 0*x - 2*x + 8 = 0. Let o(y) = -y**2 + 7*y. Calculate the remainder when r(6) is divided by o(x).
10
Let j(o) = o + 3. Let w be j(-7). Let n = w - -4. What is the remainder when (-58 - 0)/(-2) - n is divided by 8?
5
Suppose 0 = c - 5*k - 2 + 12, 0 = -c - 4*k - 1. Let r = 10 + c. What is the remainder when 13 is divided by r?
3
Suppose -c = -67 - 3. Calculate the remainder when c is divided by 18.
16
Suppose 17*z - 18*z + 169 = 0. Calculate the remainder when z is divided by 34.
33
Let j = 145 - 91. Calculate the remainder when j is divided by 11.
10
Let y be ((-3)/1)/(1/(-2)). Suppose 4*q + 3*p - 14 = 0, 0 = p + 2*p - y. Calculate the remainder when q is divided by (2/(-6))/((-2)/6).
0
Suppose 5*a - 76 = 4*n, n + 31 = a + a. Calculate the remainder when 27 is divided by a.
11
Suppose -3*z - 142 = -5*i - 0*z, -4*i - 2*z = -118. Calculate the remainder when 114 is divided by i.
27
Let c(r) = -r**2 - 5*r - 3. Let i(s) = s. Let d(m) = -c(m) - 2*i(m). What is the remainder when 16/6 - (-12)/9 is divided by d(-3)?
1
Let a(s) = 55*s**2 - 2*s - 1. What is the remainder when a(2) is divided by 54?
53
Calculate the remainder when 8 is divided by 4/10 - 1 - (-342)/95.
2
Let r = -4 - -7. Suppose r*i = -z + 46, 0 = -2*z + i - 2*i + 67. Calculate the remainder when z is divided by 11/(((-2)/(-1))/2).
9
Let a = -4 - -1. Let s be (-9)/(-3) - (6 - 26). What is the remainder when s + 0 - (a - -4) is divided by 8?
6
What is the remainder when 12/48*(478 - 2) is divided by 20?
19
Suppose -4*f = -7 - 45. Let y = -343 - -366. Calculate the remainder when y is divided by f.
10
Let j = -3 + -3. Let k be 0*(9/j)/3. What is the remainder when 30 is divided by 0 + (14 - k) + 2?
14
Let w(h) = h**2 + 5*h + 1. Suppose 0 = -5*p - 0*p, -2*x - 2*p = 14. Calculate the remainder when w(x) is divided by 13 + -14 - -1*5.
3
Let n = 75 + -54. Calculate the remainder when 62 is divided by n.
20
Let n = -14 + 70. Calculate the remainder when n is divided by 485/25 - (-4)/(-10).
18
Let u(r) = -r**3 - r**2 + r + 10. Let l = 9 + -5. What is the remainder when u(0) is divided by l?
2
Calculate the remainder when 10 is divided by (-6)/7*126/(-27).
2
Let g = -1 - -27. Calculate the remainder when -2*1/(-2) + g is divided by (-1)/(-1*((-102)/21 - -5)).
6
Let w(p) = 45*p - 2. Let k be w(3). Let i = k - 75. What is the remainder when i is divided by 30?
28
Let w = 108 - 85. What is the remainder when w is divided by 13?
10
Suppose 2*q + 336 = 4*q. Calculate the remainder when q is divided by 43.
39
Suppose -m - 39 = -2*a, 0 = -4*a - 2*m + 75 - 9. Calculate the remainder when (2 + 6 + -4)/((-1)/(-13)) is divided by a.
16
Let n = 67 - 37. Let r(j) = 2*j**2 + 10*j + 19. Calculate the remainder when n is divided by r(-4).
8
Suppose -4*q = 2*d - 106, 0 = q + 4*q - 5*d - 155. Let x = q + -17. Calculate the remainder when 32 is divided by x.
10
Let v be (-2)/5*(3 + -13). Suppose -p = p - 16. What is the remainder when p is divided by 3 - v - (-6)/1?
3
Suppose 3*g - 5*k - 20 = 88, -g + 36 = k. What is the remainder when g is divided by 13?
10
Let r = 229 + -204. Calculate the remainder when (1*-3)/((-2)/66) is divided by r.
24
Let r = -23 + 71. Calculate the remainder when r is divided by 10.
8
Suppose 14*p + 43 - 239 = 0. Calculate the remainder when 21 is divided by p.
7
Suppose -73 = -4*q + q - 4*p, 4*q = 3*p + 114. Calculate the remainder when 105 is divided by q.
24
Let p be 5 + 1 + 9/(-3). Suppose 0 = -p*s + 17 + 55. Calculate the remainder when 70 is divided by s.
22
Suppose -v - 3*o + 47 = 15, 0 = -3*v - 4*o + 81. Let u(i) = -3*i + 3. What is the remainder when v is divided by u(-3)?
11
Suppose 1 - 4 = -o. Suppose -j + 4 = -0*j - o*a, -j - 5*a = -4. What is the remainder when ((-10)/3)/(2/(-6)) is divided by j?
2
Suppose 44 = 5*t - 26. Suppose f + 7 = 12. What is the remainder when t is divided by f?
4
Let i(p) = -44*p**3 + 10*p + 14. Let a(j) = -9*j**3 + 2*j + 3. Let z(c) = 14*a(c) - 3*i(c). Calculate the remainder when z(2) is divided by 15.
14
Let k = 6 - -9. Calculate the remainder when 28 is divided by k.
13
Suppose -2 - 67 = -3*w - g, 0 = 4*w + 4*g - 100. Let l = -2 + w. Suppose 0 = 5*n - 8*n + 33. Calculate the remainder when l is divided by n.
9
Let t(y) = 2*y**3 - 5*y**2 + 2*y + 3. Calculate the remainder when 32 is divided by t(3).
14
What is the remainder when 11/(-33) + -2 + (-13)/(-3) is divided by 1?
0
Let n(j) = 13*j**2 + j. Let o be (-2)/(-6)*(2 + -5). Let g be n(o). Let f = 27 - g. Calculate the remainder when 29 is divided by f.
14
Suppose -12*k + 6*k + 42 = 0. Suppose -3*s + s = -6. What is the remainder when k is divided by s?
1
Suppose -2*z - 4 = -4*t, -t - 4*z = z + 21. Let q = 8 + t. What is the remainder when 20 is divided by q?
6
Let t = -2 + -9. Let l = -3 - t. Let r = 4 + 9. What is the remainder when r is divided by l?
5
Suppose -2*u + 60 = -10. Suppose -5*j - 90 = -5*q, -2*q - 5*j = -16 - 20. Calculate the remainder when u is divided by q.
17
Let m = -42 - -55. Calculate the remainder when m is divided by 9.
4
Let p = -68 - -84. What is the remainder when p is divided by 3?
1
Let s(a) = 3*a + 3. Let x = -5 + 8. Suppose 0*l + x*l = 36. Calculate the remainder when s(6) is divided by l.
9
Let h(j) = 3*j**2 - j + 2. Let m = 9 - 7. What is the remainder when 22 is divided by h(m)?
10
What is the remainder when (-6 - 3)/(1/(-3)) is divided by 3 + 2*(-21)/(-6)?
7
Suppose 2*y - 55 = -2*h - 15, 34 = 2*h - y. Calculate the remainder when 53 is divided by h.
17
Let n be -4*1 - 2/(-2). What is the remainder when 2/(-4*n/222) is divided by 20?
17
Let y = 0 - -1. Calculate the remainder when 7 is divided by y.
0
Suppose 2*j = -3*j + 10. Let t(s) = -s**3 - s**2 + s + 4. What is the remainder when t(-3) is divided by 9*1 - (-3 + j)?
9
Let u = 12 - -3. What is the remainder when 44 is divided by u?
14
Suppose 3*o - 3 = 0, -3*p - o - o + 83 = 0. Let f = p - 6. What is the remainder when 61 is divided by f?
19
Let v be 6/(-9) - (-184)/(-3). Let m = 94 + v. Calculate the remainder when m is divided by 17.
15
Let h be 1 + 3/(-3)*13. Let q = 22 + h. Let i(f) = 19*f - 1. Calculate the remainder when i(1) is divided by q.
8
Let r(a) = -a**2 - 9*a - 1. Calculate the remainder when r(-5) is divided by 5.
4
Suppose -3*d = -3*a - 3, -5*a - 1 = -6*d + 2*d. Suppose -5*j = 4*b - 11 - 19, -a*b + 24 = 4*j. Let x = -7 + 11. What is the remainder when j is divided by x?
2
Suppose 0 = -36*o + 34*o + 64. Calculate the remainder when 92 is divided by o.
28
Suppose 2*c - 28 = -4*p, 5*c + 5*p - 93 = -33. Let z = c + 17. What is the remainder when 80 is divided by z?
26
Suppose 6*r = 3*r + 72. Calculate the remainder when 71 is divided by r.
23
Let z = -7 - -10. Suppose 1 = -z*i + 7. Suppose i*k - 11 = 11. What is the remainder when 32 is divided by k?
10
Suppose 0 = 3*c - 2*l - 6 - 0, -15 = 4*c + 5*l. Suppose c = 4*o - 68 - 32. What is the remainder when 48 is divided by o?
23
Suppose 0*x = 3*x. Suppose 5*p - n = -x*p + 47, -4*n = 8. Calculate the remainder when 25 is divided by p.
7
Suppose 0 = -j + 2 + 20. Let z(o) = 3*o**2 + o - 2. What is the remainder when j is divided by z(2)?
10
Let b(v) = v - 4. Suppose 0 = 8*g - 5*g + 18. Let z be b(g). What is the remainder when 1/(((-4)/2)/z) is divided by 2?
1
Suppose -3*p - 5*c + 20 = -7, -c + 27 = 3*p. Calculate the remainder when 33 is divided by p.
6
Suppose -7 = 5*p - 22. Let j(c) = -2*c. Let z be j(-4). Suppose 0 = v - z - p. What is the remainder when v is divided by 6?
5
Let i(r) = -r**3 - 8*r**2 - r - 2. What is the remainder when 17 is divided by i(-8)?
5
Suppose -3*o + 4*o - 10 = 0. Suppose 0 = 3*i - 2*z + 3 - 59, 4*i - 2*z = 76. Suppose -2*y - i = -58. What is the remainder when y is divided by o?
9
Let u = -8 + 10. Calculate the remainder when u/(-3) + (-253)/(-33) is divided by 4.
3
Calculate the remainder when 9 is divided by (1 - (1 - -6))/(-1) - 2.
1
Suppose -5*q + k - 4*k + 20 = 0, -5*k - 39 =